Suppose 4*f - 7423 + 1288 = 5*r, 3*r - f + 3688 = 0. Let w = 1839 + r. List the prime factors of w.
2, 19
Let o(w) = 8*w + 2 + 32 - w**3 - w + 3*w - 18*w**2. List the prime factors of o(-19).
5, 41
Let i = -20 + 25. Suppose 2*m - i*h = 6*m + 960, -4*h = -16. Let x = 374 + m. What are the prime factors of x?
3, 43
Suppose 0 = -4*d + b + 68506, 0 = -2*d - b - 11384 + 45640. List the prime factors of d.
3, 11, 173
Let r = 5956 - 4008. What are the prime factors of r?
2, 487
List the prime factors of ((-1)/((-4)/521))/(-10 - (-48820)/4880).
61, 521
Suppose 0 = -3*u - 4*h + 7108, u + h = 3*u - 4757. Suppose -26*z - u = -35*z. What are the prime factors of z?
2, 3, 11
Let y be (-19 - (20 + -12))/((-2)/(-18)). Suppose 4*s = -4, -2*t + 1274 = t - 2*s. Let h = t + y. List the prime factors of h.
181
Suppose 16*a - 55578 = -19*a + 40077. List the prime factors of a.
3, 911
Let n = 111 + -1009. Suppose -2*r = 3*m + 3*r - 61, -2*r = -10. What are the prime factors of (-14)/(-84) - n/m?
3, 5
Let m(g) = -24*g + 95. Suppose 1 = r, 0 = 23*u - 26*u - 2*r - 31. List the prime factors of m(u).
359
Suppose 4*x = 2*x + 3*k + 113, -4*k + 340 = 5*x. Suppose 66*f - 514 = x*f. What are the prime factors of (f/(-2))/((-10)/4 + 2)?
257
Suppose 0*s - 191459 = -78*s + 1104979. List the prime factors of s.
11, 1511
Let a(o) = 20*o**2 - 38*o + 423. List the prime factors of a(20).
79, 97
Let n(g) = -g**3 + 40*g**2 + 756*g - 10. What are the prime factors of n(-24)?
2, 5, 1871
What are the prime factors of 1640772/336*8/6?
17, 383
Suppose i - 2131 = -3*o, -3*o = -3*i - 2*i - 2125. List the prime factors of ((-78)/65)/((-3)/o).
2, 71
Suppose q + 5*p = 15541, -5*q + 2*p + 62010 = -q. What are the prime factors of q?
2, 7753
Let g(h) be the second derivative of -h**4/6 - h**3/2 - h**2 - 20*h. Let t be g(-2). Let n(x) = -22*x - 3. What are the prime factors of n(t)?
5, 17
Let h be 3/(24/(-4))*-6. Suppose -5*c - h*n = -680, -4*c + 47 = -2*n - 519. List the prime factors of c.
139
Suppose x - 10 = -4*q, 0*q = 5*q - 5*x - 25. Suppose -3*m + 4*m + 32 = 5*j, 2*j - q*m - 18 = 0. What are the prime factors of j?
2, 3
Suppose -5*b + 33*k = 38*k - 32690, -b = -5*k - 6550. What are the prime factors of b?
2, 3, 5, 109
Suppose -6*h + 50 = -11*h. Let f(i) = 5*i**2 - 6*i + 15. List the prime factors of f(h).
5, 23
Let f be 36/15*4710/4. Suppose -24*d + f = -6*d. Let n = d + -33. What are the prime factors of n?
2, 31
Let v be (-10 + 9)*(-3 + (2 - 3)). What are the prime factors of 1088 + (5 - 8) + v + -2?
1087
Suppose 0 = 3*s + 30 - 39. What are the prime factors of (s/5)/((-23)/(-10235))?
3, 89
Suppose -22*n = -36*n + 4*n + 383480. What are the prime factors of n?
2, 9587
Suppose 245*b - 116098 = 625067 + 1231330. What are the prime factors of b?
83, 97
Let k(l) = 5*l**2 + 8*l - 1. Suppose -16 + 5 = 5*b + 2*a, 5*b = -a - 13. Let q be k(b). Suppose 4*w = q*w - 2912. What are the prime factors of w?
2, 7, 13
Let r = -29560 + 83921. What are the prime factors of r?
54361
Suppose r + 2*r - 84610 = -7*r. What are the prime factors of r?
8461
Suppose 5*k = -2*k. Suppose -22*c + 14*c + 72 = k. Suppose -i + 4*n = 5*n - c, 2*i - n = 33. List the prime factors of i.
2, 7
Suppose 21 = 4*n - 31. Let t(m) = -m + n*m - 47 - 3*m. List the prime factors of t(15).
2, 11
Let u(f) = 5727*f - 146. What are the prime factors of u(7)?
59, 677
Let r = -5358 + 8191. What are the prime factors of r?
2833
Suppose w = -1, -2*w + 1525 = 2*n - 5*w. Let p = -304 + n. What are the prime factors of p?
457
Let y(s) = -s**2 + 8*s - 7. Let w be y(7). Suppose w = u - 2012 - 702. Suppose -15*f + 556 = -u. What are the prime factors of f?
2, 109
Suppose 5*s = 5*y - 140540, -10046*y + 10043*y + 4*s = -84326. List the prime factors of y.
2, 13, 23, 47
Let y(g) = 23*g**2 - 3*g + 2. Let x be (0 - -9)/(3/(-2))*-1. List the prime factors of y(x).
2, 7, 29
Let c = -68 + 117. Let r(k) = -k**2 + 16*k + 3. Let w be r(12). Let x = w - c. What are the prime factors of x?
2
Let j(n) = -n**2 - 9*n + 19. Let p(r) = 3*r**2 + 26*r - 57. Let h(z) = 8*j(z) + 3*p(z). What are the prime factors of h(9)?
2, 29
Let d(y) = y**3 + 26*y**2 + 231*y + 3912. What are the prime factors of d(-16)?
2, 347
Let w(c) = 11*c - 24. Suppose 3*f - 22 = 4*z + 5*f, -5*f = z + 1. Let k be (10/12)/5 - 65/z. List the prime factors of w(k).
97
Let o(g) = 7*g**3 - 7*g**2 + 5*g - 14. Let d be o(6). Suppose -3*c = -d + 262. What are the prime factors of c?
2, 13
What are the prime factors of (12/(-66) + 3392/264)/((-7)/(-36414))?
2, 3, 17, 19
Let j(h) = h**2 + 8*h + 1. Let a be j(-6). Let u(s) be the second derivative of -2*s**3 - 2*s**2 + 63*s. What are the prime factors of u(a)?
2
Let p(o) = 14*o**3 + 3*o**2 - 2*o - 11. Let t(n) = -28*n**3 - 7*n**2 + 5*n + 24. Let m(g) = 7*p(g) + 3*t(g). Let b = -5 + 7. What are the prime factors of m(b)?
109
Let y = 61 + -59. Let f(p) = 4*p - 20*p**y + 0*p**3 + 28*p**2 - p - 6 + p**3. List the prime factors of f(-5).
2, 3
Let y(s) = 2*s**3 - 23*s**2 + 35*s - 45. What are the prime factors of y(21)?
3, 3023
Suppose -2*q - 2*b - 18 = 0, 2*q - 2*b = -14 - 4. Let y(p) = -24 - 3*p - 20 + 55 - 29. List the prime factors of y(q).
3
Let v(q) be the second derivative of q**4/6 + 5*q**3/2 - 2*q**2 + 2*q. Let t be v(-9). Suppose -t*l - 17 = -24*l. What are the prime factors of l?
17
Suppose 5*h = a + 17, 0 = -2*h + 4*a - 7*a + 17. Suppose 3*p = 3*j - 222 - 1434, h*j = -4*p + 2176. What are the prime factors of j?
2, 137
Suppose 629832 = 49*u + 119*u - 1505448. List the prime factors of u.
2, 5, 31, 41
Let b(s) = -8*s**2 - s - 48. Let o be b(-12). What are the prime factors of (o/(-45) - 4)/((-4)/(-70))?
2, 7
Suppose 2*v - 186 = -2*q, -108*v + 103*v - 455 = -5*q. List the prime factors of q.
2, 23
Let h(r) = -r**2 + 13*r + 244. Let x be h(23). Suppose -x*q = -21*q + 5348. What are the prime factors of q?
2, 191
Suppose 0 = -11*v + 995 + 2470. Suppose -n + 4*m = -83, -4*n = -0*n + m - v. List the prime factors of n.
79
Suppose 76*s + 880 = 66*s. List the prime factors of (-289 - -2)*s/56.
11, 41
Let m(g) = -3*g**3 - 14*g**2 + 61*g + 292. List the prime factors of m(-24).
2, 8059
Suppose 8 = 2*v + 5*h, -12*h + 11*h = -v + 4. Suppose 99*u - 95*u + 5*b - 6969 = 0, 0 = -v*u + b + 6963. What are the prime factors of u?
1741
Let g(h) = -20*h**3 + 5*h**2 - 73*h - 24. List the prime factors of g(-8).
2, 5, 139
Suppose -z = 3, -9*u = -5*u + 5*z - 245. Suppose 0*y + 2*v = -4*y + 24, -2*y + 16 = -v. Let d = u + y. List the prime factors of d.
2, 3
Let h(u) = -u**3 - 34*u**2 - 92*u + 35. Let x be h(-31). Let g(j) = 74*j + 22. What are the prime factors of g(x)?
2, 3, 53
Suppose 2*j - 70 = 4*k, 1 + 14 = 5*k. Let u(h) = 12*h - 19. List the prime factors of u(j).
11, 43
Let q(w) = w**2 - w + 28. Let c be q(-18). Let z = 233 - c. Let x = 42 - z. What are the prime factors of x?
179
Suppose 36*x - 141 = 291. Let c(k) be the first derivative of -k**4/4 + 4*k**3 + 6*k**2 + 16*k - 3. What are the prime factors of c(x)?
2, 5
Suppose -57*v = -51*v - 156564. List the prime factors of v.
2, 3, 4349
List the prime factors of (-12400)/(-3)*(95/20 + 2).
2, 3, 5, 31
Suppose 16*v - 180 = 12*v. Let m = 74 - v. Suppose 600 = -25*d + m*d. What are the prime factors of d?
2, 3, 5
Suppose 2*s = 4*i - 51960, 2*i = 4*i - 4*s - 25962. What are the prime factors of i?
3, 61, 71
Suppose 13*a = 312377 - 21203. What are the prime factors of a?
2, 3, 3733
Suppose 7*c = 3*c + 20. Suppose -4*h = -v - 25, -c*v = 2*h - 4*v - 5. What are the prime factors of (-10)/((-9 + h)*(-1)/(-86))?
5, 43
Let k = 322 - 24. Suppose 4*s - k = 234. What are the prime factors of s?
7, 19
Suppose 37*a - 36*a - 5*q = 18538, 2*a + q = 37109. List the prime factors of a.
18553
Let h(b) = -69*b - 1. Let i be h(-1). Let x = 98 - i. What are the prime factors of (0 + (-32)/20)/((-4)/x)?
2, 3
Let j(b) = 8*b**2 + 8*b - 6. Suppose -20*g = 37 + 143. What are the prime factors of j(g)?
2, 3, 5, 19
Let a(v) = -2*v**2 + 11*v + 7. Let r be a(5). Suppose 611 = r*w - 2665. List the prime factors of w.
3, 7, 13
Suppose -b = 2*q + 16, 4*q - 40 = 6*q - 5*b. Let g = 8 + q. What are the prime factors of (-15 - -17)/(g/(-41))?
41
Suppose -3*b + 15041 + 5452 = 3*i, -4*b + 2*i = -27282. List the prime factors of b.
2, 853
Let u = -67